8
Calculate the greatest common factor of 200 and 184.
8
Calculate the greatest common divisor of 54 and 216.
54
Calculate the highest common divisor of 1333 and 465.
31
Calculate the highest common divisor of 497 and 1775.
71
Calculate the greatest common divisor of 44 and 144.
4
What is the greatest common factor of 1207 and 289?
17
Calculate the highest common factor of 432 and 1168.
16
What is the greatest common divisor of 800 and 175?
25
What is the greatest common factor of 296 and 703?
37
Calculate the highest common factor of 5054 and 14.
14
What is the highest common factor of 8 and 19768?
8
What is the greatest common factor of 2951 and 13?
13
What is the greatest common divisor of 462 and 168?
42
What is the greatest common divisor of 34 and 2737?
17
What is the greatest common factor of 55 and 1265?
55
What is the highest common factor of 5655 and 26?
13
Calculate the greatest common divisor of 21 and 2751.
21
What is the greatest common divisor of 220 and 30?
10
Calculate the highest common divisor of 416 and 3264.
32
What is the greatest common factor of 1668 and 12?
12
What is the greatest common divisor of 16 and 760?
8
What is the highest common divisor of 210 and 375?
15
What is the highest common divisor of 84 and 56?
28
Calculate the greatest common factor of 172 and 602.
86
Calculate the highest common factor of 21 and 21189.
21
Calculate the greatest common factor of 1167 and 3.
3
Calculate the greatest common factor of 2793 and 3021.
57
What is the highest common factor of 72266 and 46?
46
What is the greatest common factor of 65 and 15?
5
What is the greatest common divisor of 12077 and 13?
13
What is the greatest common divisor of 95 and 25?
5
What is the greatest common factor of 26730 and 30?
30
Calculate the greatest common factor of 12 and 2004.
12
Calculate the greatest common divisor of 198 and 110.
22
Calculate the highest common factor of 1778 and 42.
14
Calculate the greatest common divisor of 162 and 216.
54
Calculate the greatest common divisor of 675 and 243.
27
What is the highest common divisor of 8 and 60?
4
Calculate the highest common divisor of 66874 and 58.
58
Calculate the highest common factor of 260 and 40.
20
What is the highest common factor of 8671 and 2093?
299
Calculate the greatest common factor of 32 and 68.
4
What is the greatest common divisor of 33 and 4983?
33
Calculate the highest common factor of 74 and 1258.
74
Calculate the greatest common divisor of 1974 and 154.
14
Calculate the greatest common divisor of 55 and 40.
5
What is the greatest common divisor of 13970 and 127?
127
What is the highest common factor of 484 and 44?
44
Calculate the highest common divisor of 8 and 100.
4
Calculate the highest common divisor of 17 and 1717.
17
Calculate the greatest common divisor of 64 and 95936.
64
What is the highest common divisor of 755 and 16157?
151
What is the highest common divisor of 416 and 1568?
32
Calculate the highest common divisor of 220 and 11.
11
Calculate the highest common divisor of 31 and 527.
31
What is the highest common divisor of 11 and 1375?
11
Calculate the highest common factor of 9 and 3771.
9
Calculate the highest common divisor of 2821 and 91.
91
What is the greatest common divisor of 64 and 1728?
64
Calculate the highest common divisor of 2438 and 46.
46
What is the highest common divisor of 36 and 89676?
36
What is the greatest common factor of 304 and 228?
76
What is the greatest common divisor of 248 and 16616?
248
Calculate the greatest common divisor of 54 and 6.
6
What is the greatest common divisor of 57 and 3?
3
What is the highest common divisor of 1067 and 1649?
97
Calculate the greatest common divisor of 192 and 144.
48
What is the highest common divisor of 4 and 74?
2
What is the greatest common divisor of 290 and 116?
58
Calculate the highest common divisor of 62 and 248.
62
What is the greatest common divisor of 5874 and 66?
66
What is the highest common divisor of 48748 and 28?
28
Calculate the greatest common factor of 188 and 2491.
47
What is the greatest common divisor of 29 and 261?
29
Calculate the greatest common factor of 3850 and 44.
22
What is the highest common divisor of 2023 and 7225?
289
What is the highest common factor of 47 and 376?
47
What is the highest common factor of 62 and 10726?
62
What is the greatest common divisor of 100 and 75?
25
Calculate the greatest common divisor of 27 and 3.
3
What is the greatest common divisor of 17 and 6613?
17
What is the greatest common divisor of 696 and 204?
12
Calculate the highest common factor of 34 and 1088.
34
What is the highest common factor of 9 and 5787?
9
Calculate the greatest common factor of 290 and 116.
58
Calculate the highest common factor of 442 and 130.
26
What is the greatest common factor of 72 and 912?
24
Calculate the greatest common divisor of 1745 and 1047.
349
What is the highest common factor of 108 and 25164?
108
Calculate the greatest common factor of 162 and 378.
54
What is the highest common divisor of 8 and 664?
8
Calculate the greatest common factor of 2006 and 34.
34
Calculate the highest common factor of 11 and 55.
11
What is the highest common factor of 9824 and 32?
32
What is the highest common factor of 26 and 650?
26
What is the greatest common divisor of 3339 and 126?
63
What is the highest common divisor of 75 and 1480?
5
What is the highest common factor of 226 and 10?
2
What is the highest common factor of 39 and 3731?
13
What is the highest common factor of 123 and 697?
41
Calculate the highest common factor of 532 and 56.
28
What is the greatest common divisor of 176 and 128?
16
What is the greatest common factor of 950 and 75?
25
What is the greatest common divisor of 1144 and 1001?
143
Calculate the greatest common factor of 4755 and 105.
15
Calculate the highest common factor of 4475 and 537.
179
Calculate the highest common divisor of 3 and 1356.
3
What is the greatest common factor of 650 and 1690?
130
What is the highest common divisor of 341 and 31?
31
Calculate the highest common divisor of 150 and 275.
25
Calculate the greatest common factor of 34 and 425.
17
What is the greatest common divisor of 9 and 2169?
9
What is the highest common factor of 37 and 10656?
37
What is the highest common divisor of 10 and 75?
5
What is the greatest common factor of 37689 and 102?
51
What is the highest common factor of 602 and 14?
14
Calculate the highest common divisor of 340 and 290.
10
Calculate the greatest common divisor of 45 and 120.
15
What is the highest common divisor of 79 and 7031?
79
What is the highest common factor of 1 and 32?
1
What is the greatest common factor of 496 and 31?
31
What is the highest common divisor of 30 and 1068?
6
Calculate the greatest common divisor of 1209 and 78.
39
What is the greatest common factor of 1164 and 23571?
291
What is the highest common divisor of 108 and 96?
12
What is the highest common divisor of 225 and 360?
45
What is the greatest common factor of 3 and 291?
3
What is the highest common divisor of 56700 and 135?
135
Calculate the highest common factor of 180 and 20.
20
What is the greatest common factor of 16 and 88?
8
What is the highest common divisor of 9 and 423?
9
Calculate the highest common factor of 600 and 96.
24
What is the greatest common factor of 12 and 102?
6
What is the greatest common divisor of 384 and 6816?
96
What is the greatest common divisor of 24 and 1224?
24
What is the greatest common divisor of 136 and 7514?
34
Calculate the highest common divisor of 23 and 3.
1
What is the greatest common factor of 90 and 47070?
90
What is the highest common divisor of 96 and 32?
32
Calculate the highest common divisor of 748 and 187.
187
What is the highest common divisor of 170 and 7956?
34
Calculate the greatest common factor of 67 and 201.
67
Calculate the highest common factor of 286 and 66.
22
Calculate the highest common factor of 9 and 11.
1
What is the highest common factor of 36 and 51?
3
Calculate the greatest common divisor of 280 and 13384.
56
What is the highest common divisor of 306 and 3264?
102
What is the highest common factor of 24 and 7536?
24
Calculate the highest common factor of 83 and 1.
1
What is the highest common divisor of 200 and 2050?
50
What is the